2123?
False
Is 7 a factor of 7704803?
False
Is 242 a factor of 54318722?
False
Is 109805300 a multiple of 22?
True
Is 112 a factor of 23657745?
False
Does 4059 divide 2120902286?
False
Is 284 a factor of 377533076?
False
Does 208 divide 223392416?
True
Does 26 divide 1124165325?
False
Is 1581 a factor of 196252753?
False
Is 8310 a factor of 1634427420?
True
Does 2184 divide 401873275?
False
Is 77273984 a multiple of 64?
True
Is 11 a factor of 507168233?
True
Is 5788082761 a multiple of 11915?
False
Does 1334 divide 312913712?
True
Is 11 a factor of 1345256625?
False
Is 27457519 a multiple of 181?
True
Does 2176 divide 10040020?
False
Is 54373327 a multiple of 289?
True
Is 31 a factor of 465249922?
True
Is 14611608 a multiple of 11?
True
Is 50 a factor of 2144614500?
True
Does 883 divide 211840607?
False
Is 45 a factor of 64010427?
False
Is 114 a factor of 182306628?
False
Does 15 divide 314425545?
True
Is 1091305362 a multiple of 7518?
True
Is 861752849 a multiple of 368?
False
Does 11 divide 2554244?
True
Is 3981 a factor of 101320431?
True
Is 67609739 a multiple of 19?
False
Does 16 divide 8551054?
False
Is 142472563 a multiple of 493?
True
Does 91 divide 1816714445?
True
Is 662978001 a multiple of 21?
True
Does 27 divide 170197450?
False
Does 14 divide 22404683?
False
Does 47 divide 73716304?
True
Does 218 divide 418951384?
False
Does 882 divide 41709780?
True
Is 4099 a factor of 518391927?
False
Is 58 a factor of 3193184872?
False
Is 10 a factor of 10051720?
True
Is 549581755 a multiple of 1711?
True
Is 13 a factor of 71731699?
True
Does 953 divide 117877523?
True
Is 148376914 a multiple of 118?
False
Is 67 a factor of 6490960?
True
Does 203 divide 36332128?
True
Is 54769458 a multiple of 1537?
True
Is 53907986 a multiple of 274?
False
Is 351804138 a multiple of 3169?
False
Does 3 divide 38046699?
True
Is 917779973 a multiple of 19?
False
Does 2759 divide 191301284?
False
Is 29482248 a multiple of 796?
True
Is 32687357 a multiple of 40?
False
Is 32850948 a multiple of 10?
False
Does 136 divide 56981979?
False
Is 274696530 a multiple of 7?
False
Does 17 divide 3872591?
False
Is 106 a factor of 5657362?
False
Is 4476375504 a multiple of 464?
True
Is 298 a factor of 2995556?
False
Is 184 a factor of 165551359?
False
Does 2338 divide 14394567?
False
Is 20508224 a multiple of 704?
True
Is 15 a factor of 154902975?
True
Is 12661506 a multiple of 429?
True
Does 18 divide 3095164448?
False
Is 397 a factor of 176721374?
True
Does 266 divide 178542392?
True
Does 616 divide 488126408?
True
Is 107372131 a multiple of 1906?
False
Is 28710446 a multiple of 1095?
False
Does 3 divide 238065609?
True
Does 30 divide 32676222?
False
Is 28186079 a multiple of 2081?
False
Does 18 divide 59401242?
True
Is 34 a factor of 34138040?
True
Is 3287232 a multiple of 117?
True
Is 15897254 a multiple of 1007?
False
Is 1557633035 a multiple of 390?
False
Is 83939906 a multiple of 52?
False
Does 59 divide 41577020?
False
Is 410 a factor of 40121405?
False
Is 4328529 a multiple of 5?
False
Is 85081300 a multiple of 373?
True
Is 12 a factor of 3376315884?
True
Is 225864180 a multiple of 435?
True
Is 39848216 a multiple of 2?
True
Is 71 a factor of 189599820?
True
Does 38 divide 262326418?
False
Is 14999382 a multiple of 9?
True
Is 56 a factor of 1618250298?
False
Is 338 a factor of 13557610?
False
Is 50 a factor of 3945000?
True
Does 4172 divide 141198703?
False
Is 434658586 a multiple of 398?
True
Does 11 divide 4052932245?
False
Is 164392798 even?
True
Does 10 divide 9420667?
False
Is 7442199 a multiple of 3?
True
Does 20 divide 1916419200?
True
Is 20557335 a multiple of 13?
False
Does 189 divide 393695138?
False
Is 69980272 a multiple of 1377?
False
Is 894156816 a multiple of 22?
False
Is 16999507 a multiple of 6211?
True
Does 46 divide 232547658?
False
Is 23037525 a multiple of 1575?
True
Does 21 divide 53765043?
False
Is 55538346 a multiple of 9?
False
Is 27310616 a multiple of 158?
True
Is 3543257376 a multiple of 48?
True
Does 389 divide 56153317?
True
Does 5506 divide 605682024?
True
Is 95 a factor of 6226489?
False
Is 175795976 a multiple of 78?
False
Is 6 a factor of 1662529542?
True
Is 74 a factor of 46131822?
True
Is 3190208656 a multiple of 866?
False
Is 2134 a factor of 58580434?
True
Is 60252314 a multiple of 3?
False
Does 146 divide 13143212?
True
Is 49 a factor of 9761829?
True
Is 1761 a factor of 224476431?
True
Does 3492 divide 1779838445?
False
Does 366 divide 20504555?
False
Does 290 divide 2029526766?
False
Is 9933 a factor of 245174010?
False
Is 295584744 a multiple of 312?
True
Is 32 a factor of 141694560?
True
Is 60725079 a multiple of 2487?
True
Does 19 divide 55366095?
True
Does 1039 divide 1199429808?
False
Is 19 a factor of 140830014?
True
Does 162 divide 36872538?
False
Is 771 a factor of 152257080?
True
Is 1273 a factor of 1249816325?
False
Is 69 a factor of 1793566637?
False
Is 76511358 a multiple of 2251?
False
Is 1825082257 a multiple of 6504?
False
Is 197950356 a multiple of 14?
False
Is 206751340 a multiple of 3?
False
Is 1910860966 a multiple of 118?
True
Is 219213446 a multiple of 113?
True
Is 298163387 a multiple of 3719?
True
Does 545 divide 1273779123?
False
Is 6264293 a multiple of 7?
True
Does 14 divide 1249304?
True
Does 14 divide 63297038?
True
Is 39667295 a multiple of 37?
False
Is 234 a factor of 18280548?
True
Is 1829638719 a multiple of 459?
True
Does 10 divide 2665390?
True
Is 23208189 a multiple of 41?
False
Is 511416815 a multiple of 5915?
True
Is 81434751 a multiple of 1157?
False
Does 6 divide 133777809?
False
Is 6561628 a multiple of 44?
False
Does 116 divide 3481915276?
True
Does 520 divide 4053687040?
True
Is 63 a factor of 54805905?
True
Is 4 a factor of 118793247?
False
Does 7 divide 559434490?
False
Does 15 divide 513088524?
False
Does 1146 divide 1961943978?
True
Is 52104480 a multiple of 1460?
True
Is 64 a factor of 28526976?
True
Does 19 divide 148656766?
False
Does 136 divide 435375417?
False
Is 2964 a factor of 77197380?
True
Is 5 a factor of 15070520?
True
Does 151 divide 183432868?
False
Does 20 divide 1643152960?
True
Is 55082787 a multiple of 6?
False
Does 240 divide 10692728?
False
Does 9 divide 4370213?
False
Is 55 a factor of 250325595?
False
Is 1025 a factor of 211004450?
True
Does 40 divide 11598120?
True
Is 15 a factor of 290995584?
False
Does 26 divide 215344543?
False
Is 72 a factor of 129888308?
False
Is 50396102 a multiple of 10?
False
Is 5570177 a multiple of 26?
False
Is 3812593920 a multiple of 20?
True
Is 120733542 a multiple of 705?
False
Does 20 divide 647063980?
True
Is 94303937 a multiple of 30?
False
Does 139 divide 4666925?
True
Is 6 a factor of 147758861?
False
Is 36748052 a multiple of 61?
False
Does 36 divide 41286348?
True
Is 2578 a factor of 599482610?
False
Is 4 a factor of 138077559?
False
Is 4342 a factor of 102935794?
True
Is 42036322 a multiple of 20?
False
Does 31 divide 2165919904?
True
Is 498997926 a multiple of 69?
True
Is 344 a factor of 17521570?
False
Is 400268723 a multiple of 1026?
False
Is 21154039 a multiple of 76?
False
Is 27 a factor of 85269701?
False
Does 949 divide 1652818830?
False
Is 140 a factor of 13852192?
False
Is 970621974 a multiple of 42?
True
Is 5 a factor of 303568143?
False
Is 219609600 a multiple of 1204?
True
Is 95177910 a multiple of 870?
False
Does 241 divide 656403019?
False
Is 298 a factor of 816902334?
True
Does 1990 divide 1051442391?
False
Is 239265194 a multiple of 206?
False
Is 145297485 a multiple of 2265?
True
Is 792 a factor of 97450244?
False
Does 8 divide 41812256?
True
Is 1576 a factor of 435790792?
True
Does 76 divide 20087791?
False
Is 34 a factor of 39952788?
True
Is 38795008 a multiple of 224?
True
Is 15 a factor of 66554332?
False
Does 48 divide 97129104?
True
Does 1377 divide 27308664?
True
Is 35039616 a multiple of 12?
True
Does 15 divide 409584525?
True
Does 246 divide 1285173864?
True
Does 5916 divide 4848299074?
False
Is 420 a factor of 467240340?
True
Is 150 a factor of 241705650?
True
Does 22 divide 164384330?
True
Does 979 divide 2400472756?
True
Is 21 a factor of 58198861?
False
Is 5407 a factor of 790330376?
True
Is 840 a factor of 150024840?
True
Is 60355758 a multiple of 259?
False
Does 131 divide 1620235248?
T